 - -74).
-7
Calculate (-2 - -8) + -13 + 1.
-6
What is the value of 5 + 6 + -2 + -8?
1
What is the value of 2 + -8 + (9 - 6) + 7?
4
Evaluate -2 + (-6 - -1 - (-11 - -3)).
1
What is the value of 1 + (-1 - 1) + 1?
0
Calculate -6 - ((-2 - -2) + (-7 - -6)).
-5
(-12 - (-22 + 18)) + (2 - 1)
-7
What is the value of 0 + (-2 + 0 - 1)?
-3
Evaluate 1 + 15 + -9 + (-3 - -1).
5
Evaluate 4 + -1 + 2 + (1 - 8).
-2
What is 3 + (4 - (11 + -3))?
-1
(-10 - -12) + 3 + 0
5
Evaluate (0 - 4) + (-3 - -14).
7
Evaluate (-3 - -9 - 7) + -5 + 4.
-2
Evaluate (1 - 8) + (-10 - -10).
-7
Calculate 3 + 0 + -3 + (1 - 1).
0
Calculate (5 - (1 - -1)) + (1 - 3).
1
What is the value of -5 - (0 - (-1 - -2)) - -1?
-3
What is (4 - (4 - -3)) + -1 + 1?
-3
What is -3 - (0 + (4 - 2)) - -4?
-1
What is the value of (0 - -3) + 2 - (26 - 24)?
3
Evaluate 8 + (-8 - 12) + 7.
-5
Calculate (2 + -2 + 2 - 4) + 0.
-2
Evaluate -2 + 0 + (5 - 11) - -4.
-4
-3 + (0 - -3) + 0 + 0
0
What is -2 + 0 + 0 + -2 + 6?
2
Evaluate 7 + (2 - 8 - 2).
-1
(5 - 0) + 0 - 9
-4
Calculate 0 + 2 + -1 + -29 + 23.
-5
What is the value of 7 + 0 - (-1 + 7)?
1
-1 + -3 + 6 - (-5 - -2)
5
Calculate 3 + (5 + 0 - 9) + 4.
3
Evaluate (-5 - 10) + (-4 - -14).
-5
What is the value of -5 - (7 + 0 + -4) - -3?
-5
What is 4 - (-6 - -6 - -10)?
-6
What is the value of (1 + 0 - 6) + -168 + 175?
2
What is the value of (-3 + 5 - -1) + -10?
-7
Evaluate 0 + ((-4 - -1) + 0 - -3).
0
15 + -22 + 1 + 0 - -8
2
What is -1 + (0 - -3) + -38 + 39?
3
What is the value of 3 + (1 - (2 - (-2 - -2)))?
2
Calculate (6 - (4 - 4)) + (-3 - 1).
2
Calculate -6 + -7 + 9 + 5.
1
Evaluate (4 - 1) + -9 - (-1 + -2).
-3
What is -9 + 18 - (2 - -2)?
5
What is 13 - ((-2 - -14) + -1)?
2
(5 - 3) + 1 - (5 + 0)
-2
Calculate (6 - 2 - (1 - 3)) + -3.
3
3 - (-2 + 0 + -1 + 4)
2
(-1 - 10) + (6 - (6 - 6))
-5
What is 6 - (-3 - -1 - (-11 + -1))?
-4
-3 + (4 - -1) + -2
0
13 + 12 + (1 - 15)
11
Calculate (-1 - 11 - (-13 - -6)) + -2.
-7
Evaluate 0 + 5 - (33 - 25).
-3
Evaluate (-8 - -3) + 13 - 8.
0
What is the value of -4 + (-1 - -3 - -7)?
5
What is the value of -3 - (4 - 4) - -8?
5
Evaluate -5 + 0 + 0 + -531 + 535.
-1
Calculate -1 + (5 - 9 - -2).
-3
What is the value of -1 + (2 - (-1 - 2))?
4
What is the value of 2 + 3 + -3 + 0?
2
Evaluate (-3 - -2) + (-4 - (-4 - 2)).
1
-5 + 1 - (-12 + 10)
-2
Calculate -8 - -7 - (-2 - (-1 + 1)).
1
What is the value of -14 + (2 - -24 - 10)?
2
Evaluate (-2 - (0 + -1) - 4) + 4.
-1
What is the value of 8 + -1 + 1 + -39 + 36?
5
What is the value of 8 + (-16 - -4) + -6?
-10
What is -3 + -1 + (5 - 2 - 4)?
-5
Evaluate 10 + (3 - -1) + -2 + -6.
6
Evaluate -6 + -2 + 3 + (3 - 2).
-4
Evaluate -16 - ((-1 - (3 - -8)) + 7).
-11
Calculate 1 + 0 - (4 + 0 + -6).
3
Evaluate 3 - 1 - ((2 - 5) + 10).
-5
Calculate (-1 - -6 - 11) + 5.
-1
What is the value of 1 + -18 + -5 + 6 + 7?
-9
What is the value of 11 + -9 - (-1 + (6 - -2))?
-5
Calculate 8 + 2 + (6 + -3 - 4).
9
Calculate 5 + (-6 - -10 - 8).
1
Evaluate (13 - 6) + (4 - (6 - 0)).
5
What is the value of (-1 - 15) + 86 + -74?
-4
-8 + 17 + -2 + -6
1
Calculate 0 + -3 - (2 - 6 - -2).
-1
What is the value of -1 - (-2 + -4 + 5 + 1)?
-1
4 - (2 + -9 - (-16 + 3))
-2
What is the value of 0 + -6 + (-1 - 4 - -4)?
-7
What is the value of -12 - -3 - (-45 - -42)?
-6
Evaluate -6 - (-6 + 3 + 1).
-4
What is the value of -4 + (2 - -5 - 2)?
1
-5 + 4 + -3 + 7 + -4
-1
Calculate -9 - 3 - -6 - -9.
3
What is the value of 2 + 4 + (9 + -5 - 2)?
8
-6 + -1 + -2 + 4 - 1
-6
Calculate -4 + (-8 - -7) + 1.
-4
Evaluate 1 + -3 + (3 - -2 - 3).
0
What is the value of 7 - 11 - (23 + -28)?
1
-3 - (2 + (0 - 2) + 0)
-3
Calculate 96 + -95 + (-13 - -1).
-11
What is (5 - 4) + 1 + -5 + 6?
3
5 + -3 + (7 - 12) + -5
-8
What is the value of -2 + -3 + (2 - -1)?
-2
Calculate -4 + 8 + -12 - -3.
-5
Calculate 8 - (-1 + 6 - (-5 - -6)).
4
What is the value of (-9 - -2) + (0 - -2)?
-5
What is the value of 1 + (0 + -2 + 6 - 4)?
1
What is the value of 10 + (11 + -12 - 11)?
-2
(-12 - 5) + 8 - (3 + -7)
-5
Evaluate 1 + 2 + (19 - 15).
7
Calculate -3 - (-4 + 6 - 2).
-3
6 + -1 + -2 + -2 + 0
1
What is the value of (2 - (9 + 2)) + 5?
-4
13 + -14 - (5 + -2)
-4
6 + (1 - -3) + -18 + 4
-4
Calculate -2 - (-21 + 21 - (-3 - -1)).
-4
What is 4 + 0 + -7 + 5?
2
What is 5 - -2 - (7 - (-3 - -6))?
3
What is the value of (-2 - 6) + 2 + 1?
-5
Evaluate -2 - (11 - (-1 + 7)).
-7
What is the value of -5 - (6 + -3 - 4)?
-4
-17 + 19 + (-1 - (2 - 2))
1
Evaluate -3 + -3 + (-6 - (-10 + 2)).
-4
Evaluate -25 - -24 - (-4 + 6).
-3
Calculate (-11 - (-14 + -8)) + -11.
0
1 + (5 + -2 - -1)
5
What is 9 - (-4 - -3) - (-1 + 9)?
2
What is -5 - (-5 - (1 + -3) - -4)?
-6
(-7 - 0) + -6 + 1 - -7
-5
What is (28 - 28) + (-1 - -2)?
1
What is -2 - -4 - (1 + 3 - 3)?
1
What is the value of -8 + 8 - 4 - -6?
2
What is the value of (1 - -4) + (-4 - -1)?
2
What is the value of -3 + (-7 - (-14 + 9))?
-5
Evaluate 4 - -2 - (-6 + 6).
6
What is 26 + -24 + 0 + 2 + 1?
5
0 + 6 + (-4 - (-13 + 11))
4
Calculate (5 - 1 - 3) + (-2 - -6).
5
Calculate 4 + (3 - 5 - -1).
3
What is (-3 - -1) + 1 + (-9 - -6)?
-4
(3 - 3) + -1 - -6
5
What is 38 + -29 + -2 + -2?
5
What is 0 - (18 + 9 + -20)?
-7
What is 6 - 0 - (36 + -24)?
-6
What is (0 - -2 - 4) + 5?
3
5 - 1 - (3 + -3)
4
14 + -7 + -5 - 9
-7
Evaluate -2 + -1 + 2 - -4.
3
Evaluate -2 + 4 + -5 + -2.
-5
What is the value of (12 + -8 - 3) + -5?
-4
What is 0 + -1 + (-3 - -3)?
-1
What is the value of -2 - -2 - (-4 + 4 + 3)?
-3
Calculate (5 - 2) + 0 + 1.
4
What is (12 - 3) + -1 + (-8 - -5)?
5
1 + -3 + 11 + (-9 - -2)
2
-6 + 8 + 2 + -7
-3
(21 - 2 - 10) + -11
-2
What is 4 + -1 + 0 - (-1 - 1)?
5
What is 1 - 1 - (-22 + 19) - 6?
-3
What is the value of 4 - (-2 - 2 - (-13 + 12))?
7
What is the value of -4 + -1 + 0 + 1?
-4
What is 3 + (5 + -2 - (-7 + 10))?
3
What is (2 - 3) + 2 - 4?
-3
What is -1 + 7 - 8 - -2?
0
What is -4 + -1 + (0 - 1) + 5?
-1
Calculate (2 - 4) + (-2 - 0) + -1.
-5
What is the value of -9 - 0 - (-21 + 14)?
-2
Evaluate 2 + -1 - 0 - -4.
5
(6 - 14) + 5 + -3 + 5
-1
Evaluate (-6 - -7) + (10 - 11).
0
Calculate (2 - 0) + 1 - -2.
5
What is 1 + (-2 - 2) + -3?
-6
What is 10 + -3 + 1 + -15?
-7
What is the value of -1 + (-2 - -1 - -2)?
0
Calculate -7 + 2 + 2 - -3 - 2.
-2
What is the value of 10 - (1 + 4) - 8?
-3
What is -2 + 21 - 6 - 10?
3
What is the value of (-2 - 8) + 5 + 3?
-2
Calculate 2 - -2 - (-9 - (-33 - -14)).
-6
Calculate -5 + -1 + (29 - 21).
2
Calculate (2 - 5) + (7 - (2 - 1)).
3
-45 + 56 - (-1 - -19)
-7
-4 - (-4 + 4 + -6)
2
Calculate 6 + -21 + 7 + 0 - -8.
0
Evaluate (-2 + -1 - -4) + (15 - 12).
4
What is 1 + -4 - -10 - 3?
4
Evaluate 12 - 3 - (5 - (1 + -1)).
4
0 - -4 - (-16 - (-22 + 1))
-1
Evaluate -8 + 5 + 8 - (1 + 1).
3
What is 5 + (3 - 1) - 6?
1
Evaluate -24 - -15 - (1 - 6).
-4
What is the value of 0 - (2 + 0 + -5)?
3
What is the value of (7 - (-7 - -13) - -3) + 0?
4
-3 - (-7 + (-1 - -5))
0
-9 - (-3 + 3 + -4)
-5
Calculate 5 + -1 - (-1 - -1).
4
What is 0 + -1 + (2 - 0)?
1
What is the value of -2 - (3 + -1 + -5 - 2)?
3
Calculate 3 - (3 + (-5 - 0)).
5
What is the value of 14 + (-14 - -5) + (8 - 3)?
10
Evaluate 4 + -14 - -4 - -2.
-4
Calculate -4 + 3 + (-5 - -6) - -3.
3
What is 13 + -7 - 2 - 8?
-4
Evaluate -3 + (14 + -14 - (-10 - 1)).
8
-2 - (3 + 1 + -2 + 0)
-4
Evaluate 2 - ((-8 - -9) + (0 - -3)).
-2
1 - (-3 - -9) - (-1 + -3)
-1
What is the value of 8 + -8 + (9 - 2) - 14?
-7
Evaluate (-5 - (-20 - -7)) + -1.
7
Calculate -6 + 0 + 1 + (-13 - -14).
-4
What is the value of (-1 + 4 + -7 - 3) + 1?
-6
-4 - (-2 - (-6 + 7))
-1
What is (-3 + 3 - 1 - 1) + 5?
3
(6 + -5 - -4) + -10
-5
4 - 3 - 4 - 2
-5
What is -2 + 0 - 3 - (-9 - -3)?
1
Calculate (-1 - 4) + 3 + 1 + -2.
-3
Evaluate -49 + 46 + -1 + 1.
-3
Evaluate -5 - -10 - (6 - (-2 - -3)).
0
What is -23 - (14 - 36) - (-1 - -8)?
-8
What is 1 + -17 + (-13 + -3 - -23)?
-9
(-73 - -60) + (-2 - -7)
-8
Calculate (3 - (-9 + 15)) + 10.
7
Calculate -85 + 85 + (1 - 6).
-5
(-3 - (-1 + 1)) + (-11 - -15)
1
What is -1 + (-4 + 7 - 2) + -4?
-4
Calculate 0 - 3 - ((-3 - 2) + -1).
3
What is -3 + 5 - 5 - 0?
-3
What is the value of 4 - 0 - (8 + 5 + -10)?
1
8 - 5 - 0 - (-2 + 1)
4
What is -1 - (-1 + 0 - 4)?
4
Evaluate -1 - -6 - (3 + 5).
-3
What is the value of 6 - 7 - (0 - 1)?
0
Evaluate -5 + 3 + (-9 - -4) + 8.
1
-5 - (-11 - (-4 + (-1 - -3)))
4
Evaluate 3 + (16 - 9) + -7.
3
-6 - -1 - (-11 - -9) - -7
4
What is the value of (